e?
True
Is 358439657 a prime number?
True
Is 1409195659 prime?
False
Is 122426467 composite?
False
Is 675937693 a prime number?
True
Is 64191539117 prime?
True
Is 58760497 composite?
False
Is 13767590093 prime?
False
Is 55659859 prime?
True
Is 2874319521 composite?
True
Is 28176966173 a composite number?
False
Is 228834744871 a prime number?
True
Is 26221268849 a composite number?
False
Is 2926723309 a prime number?
False
Is 2534241317 prime?
True
Is 1908914495 composite?
True
Is 9400177987 a prime number?
False
Is 65976194917 composite?
False
Is 6276190469 composite?
True
Is 11070050813 a prime number?
False
Is 915234379 a composite number?
False
Is 83037587 composite?
True
Is 776461339 prime?
True
Is 41981269619 prime?
False
Is 24569291557 prime?
True
Is 7601810401 prime?
True
Is 643031867 composite?
True
Is 28264102453 composite?
False
Is 64770863 a composite number?
True
Is 80175766663 a prime number?
True
Is 1584788143 prime?
False
Is 7459259341 prime?
False
Is 4383839029 a composite number?
False
Is 7322172233 prime?
True
Is 59398861 composite?
False
Is 1104972467 a composite number?
False
Is 64149485447 prime?
False
Is 651632153 a composite number?
False
Is 5585320357 a composite number?
False
Is 46115414593 a composite number?
True
Is 264853531 a prime number?
False
Is 1805520989 a prime number?
False
Is 3000832343 prime?
True
Is 281325551 a composite number?
True
Is 320102509 a prime number?
False
Is 9702175711 a composite number?
False
Is 107344561 a prime number?
True
Is 816711479 a composite number?
False
Is 1118012605 a composite number?
True
Is 178050599 composite?
True
Is 1199193353 a prime number?
True
Is 3660784987 composite?
False
Is 21585000971 composite?
True
Is 77516712587 composite?
True
Is 3355338253 composite?
False
Is 44624457739 a composite number?
False
Is 25302228403 a prime number?
False
Is 454505239 prime?
False
Is 6895861523 prime?
False
Is 163563593 a prime number?
True
Is 936514291 a composite number?
True
Is 5256454143 a prime number?
False
Is 45836496983 composite?
False
Is 43770697 a composite number?
False
Is 1118929013 a prime number?
False
Is 77045050937 a composite number?
False
Is 1204819981 a composite number?
True
Is 4949865815 composite?
True
Is 2813411695 a prime number?
False
Is 249385541 prime?
False
Is 1818583813 composite?
True
Is 11930602321 composite?
True
Is 33844908707 a composite number?
True
Is 263162857 composite?
False
Is 143788741 a composite number?
False
Is 6612753619 composite?
True
Is 558025243 prime?
False
Is 4560966037 a prime number?
True
Is 11811160873 a prime number?
False
Is 6640462841 composite?
False
Is 9460546009 composite?
False
Is 49819398949 a composite number?
False
Is 2026736989 a prime number?
False
Is 3416451979 prime?
True
Is 23420987677 a composite number?
False
Is 11986803107 a composite number?
True
Is 803997793 a composite number?
True
Is 1018117427 a composite number?
True
Is 44319924833 composite?
False
Is 1280203895 a composite number?
True
Is 8286785491 composite?
True
Is 37960843759 a prime number?
False
Is 3603327895 a prime number?
False
Is 4326538807 prime?
True
Is 10851525959 a prime number?
False
Is 426590201 composite?
True
Is 8296250437 composite?
False
Is 2125797213 a prime number?
False
Is 83894876303 composite?
True
Is 4381744049 prime?
True
Is 26668109893 composite?
True
Is 4260088189 a composite number?
True
Is 1913321083 prime?
False
Is 849538759 a composite number?
True
Is 1282504219 prime?
False
Is 1320151879 prime?
True
Is 214682177 a composite number?
True
Is 1911937459 a prime number?
True
Is 473339057 a composite number?
True
Is 35716083583 a composite number?
False
Is 331400732207 prime?
True
Is 1788059851 prime?
False
Is 151746547 prime?
True
Is 1210922389 composite?
True
Is 15052207967 composite?
False
Is 2549509177 a prime number?
True
Is 702759427 composite?
False
Is 4384231981 prime?
True
Is 28779009437 prime?
True
Is 1173266063 a composite number?
False
Is 1565524199 prime?
True
Is 1093398167 a composite number?
True
Is 25929973373 a prime number?
True
Is 74041607 a prime number?
False
Is 17735492623 prime?
False
Is 193349029379 composite?
True
Is 36936281 a composite number?
False
Is 35845274281 prime?
False
Is 794627611 a composite number?
False
Is 3544933981 composite?
False
Is 987286177 prime?
True
Is 78592353473 prime?
True
Is 4049405089 a prime number?
True
Is 7570694969 a composite number?
False
Is 1195647631 composite?
False
Is 618008659 prime?
False
Is 89361218413 a composite number?
True
Is 1146073889 prime?
True
Is 650752321 a prime number?
True
Is 1157694179 prime?
False
Is 9762379247 composite?
True
Is 159270913 a composite number?
True
Is 165669551 a prime number?
False
Is 46375552117 prime?
True
Is 123388308767 a composite number?
True
Is 7332555067 prime?
False
Is 807536027 a composite number?
False
Is 1475995837 composite?
False
Is 4623994103 composite?
True
Is 153293238961 prime?
True
Is 824805799 composite?
True
Is 1231986377 prime?
True
Is 3673471079 composite?
True
Is 2088155213 composite?
True
Is 1744813417 a prime number?
True
Is 687672077 a composite number?
True
Is 7236636699 composite?
True
Is 4081807463 a composite number?
False
Is 7627940327 a composite number?
True
Is 4750919423 prime?
False
Is 140067589 prime?
True
Is 1804898971 a prime number?
True
Is 28901573557 prime?
False
Is 21136281 composite?
True
Is 985199797 a composite number?
True
Is 22756196623 a composite number?
True
Is 68627301797 a composite number?
False
Is 27968403973 prime?
True
Is 1214979895 a prime number?
False
Is 629387123 prime?
True
Is 1870597451 prime?
True
Is 164300853391 a composite number?
True
Is 41334907 a prime number?
False
Is 86238956921 a composite number?
True
Is 3890222569 composite?
True
Is 339665101 composite?
False
Is 3144414337 a prime number?
False
Is 97914226217 composite?
False
Is 60399120059 composite?
True
Is 302164669 a composite number?
False
Is 11943862837 a prime number?
True
Is 64979023877 prime?
True
Is 9893108651 prime?
False
Is 6751323041 a prime number?
True
Is 621964333 a prime number?
True
Is 10038620983 composite?
False
Is 52187616541 prime?
False
Is 20424353 composite?
False
Is 6625627885 composite?
True
Is 18869093381 a prime number?
True
Is 82914330199 composite?
False
Is 6518412709 a prime number?
True
Is 30860592391 prime?
False
Is 98081961049 prime?
True
Is 32904884347 prime?
True
Is 439255253 a composite number?
True
Is 387854147 composite?
False
Is 3736084949 prime?
False
Is 122747888111 a composite number?
False
Is 1236732937 a composite number?
True
Is 5588453881 prime?
True
Is 4752723257 composite?
False
Is 297920981 prime?
True
Is 37234445 a composite number?
True
Is 16674974279 a prime number?
False
Is 828677569 a prime number?
True
Is 5938349839 prime?
True
Is 27897975159 composite?
True
Is 227909387 prime?
True
Is 15874209269 prime?
True
Is 184731854167 prime?
False
Is 2715725083 a composite number?
False
Is 649393985 composite?
True
Is 3361959385 prime?
False
Is 2768909521 a composite number?
True
Is 18416173177 a prime number?
False
Is 4218456049 prime?
False
Is 28262767399 a prime number?
True
Is 197533162357 a composite number?
False
Is 103285429 prime?
False
Is 46489272971 a prime number?
True
Is 8332125949 composite?
True
Is 8440406599 prime?
True
Is 3863954181 prime?
False
Is 1185732343 prime?
True
Is 50727928333 prime?
True
Is 4312441849 composite?
True
Is 27585822493 composite?
False
Is 1262669227 a prime number?
True
Is 294460963 prime?
False
Is 28240470751 a prime number?
False
Is 255893773 a prime number?
False
Is 2304986191 a prime number?
False
Is 324594449 a prime number?
True
Is 3326233763 a composite number?
False
Is 174657373243 composite?
False
Is 128622907 composite?
True
Is 15251613473 a prime number?
False
Is 2695524211 prime?
True
Is 18031716299 a prime number?
True
Is 28781625751 a composite number?
False
Is 8642033563 prime?
True
Is 741789941 a composite number?
False
Is 25162934699 composite?
True
Is 866845961 composite?
False
Is 5106489953 prime?
True
Is 8246642191 a prime number?
True
Is 550936927 prime?
True
Is 94185846829 a composite number?
False
Is 5381052797 a prime number?
True
Is 294336546877 a prime number?
True
Is 702637979 composite?
True